
Is 428865823 a prime number?
True
Is 154233851 a prime number?
False
Is 268192207 composite?
True
Is 11154959 a composite number?
False
Is 63254033 a prime number?
False
Is 346903 prime?
True
Is 118575685 prime?
False
Is 19729627 composite?
False
Is 13106507 prime?
False
Is 10671377 a prime number?
True
Is 5134641 composite?
True
Is 175302859 a prime number?
True
Is 11187841 a prime number?
False
Is 64396699 prime?
True
Is 22989769 prime?
False
Is 3146251 a composite number?
True
Is 5157127 prime?
False
Is 45338 composite?
True
Is 242877043 a prime number?
False
Is 38397785 composite?
True
Is 14473685 prime?
False
Is 778501 composite?
True
Is 4299907 a prime number?
False
Is 6743591 prime?
False
Is 864329 a prime number?
False
Is 52123937 composite?
False
Is 20389211 composite?
True
Is 16786573 a prime number?
False
Is 424199 a composite number?
False
Is 3142261 prime?
False
Is 60235177 composite?
True
Is 19742519 prime?
True
Is 71499 a composite number?
True
Is 144601813 prime?
False
Is 347032457 a composite number?
False
Is 20139643 a prime number?
True
Is 27768695 a composite number?
True
Is 194885333 prime?
True
Is 2567161 a prime number?
False
Is 7683783 a composite number?
True
Is 127998817 a composite number?
False
Is 409063 a prime number?
True
Is 19184513 a prime number?
True
Is 264883537 prime?
True
Is 176147329 prime?
True
Is 4136521 a composite number?
False
Is 271342519 a prime number?
False
Is 2884051 prime?
True
Is 46050731 prime?
True
Is 768731 prime?
False
Is 18000923 prime?
False
Is 2792617 a prime number?
True
Is 888047 a composite number?
False
Is 88528289 prime?
True
Is 43229629 composite?
False
Is 4582927 prime?
True
Is 808063 a prime number?
False
Is 71483383 a composite number?
True
Is 118076071 composite?
False
Is 246572839 prime?
True
Is 43878613 composite?
False
Is 93658031 a composite number?
False
Is 51104903 composite?
True
Is 70231793 prime?
True
Is 2646443 a composite number?
False
Is 25025809 a composite number?
False
Is 49849721 composite?
False
Is 8567089 a composite number?
True
Is 611409997 composite?
True
Is 6747383 a composite number?
True
Is 2474341 composite?
True
Is 3122311 a prime number?
False
Is 53874089 a composite number?
True
Is 121648981 a prime number?
True
Is 5219267 a composite number?
False
Is 5923433 a prime number?
True
Is 6466123 a prime number?
True
Is 5167717 prime?
False
Is 57178867 a prime number?
True
Is 47184023 prime?
False
Is 134213315 a prime number?
False
Is 59589323 prime?
False
Is 5581123 a prime number?
False
Is 688410227 prime?
True
Is 1083809 prime?
True
Is 118603 a composite number?
False
Is 97021 a prime number?
True
Is 5473987 a prime number?
True
Is 7674299 a composite number?
True
Is 168892219 composite?
False
Is 11651594 a composite number?
True
Is 3632141 composite?
False
Is 8863529 a prime number?
True
Is 13041799 a prime number?
True
Is 28443641 prime?
False
Is 110989979 a composite number?
False
Is 47015203 a prime number?
True
Is 88574591 a prime number?
False
Is 806863 composite?
True
Is 61285513 prime?
True
Is 16776367 a composite number?
False
Is 11009777 a composite number?
True
Is 520343 prime?
False
Is 12497807 prime?
False
Is 2346203 a prime number?
True
Is 60988789 a prime number?
True
Is 43985801 prime?
False
Is 938534143 a prime number?
True
Is 212777 a composite number?
False
Is 1930769 composite?
True
Is 19644407 a composite number?
False
Is 979261 a prime number?
True
Is 588703 prime?
True
Is 62838067 composite?
False
Is 29598427 composite?
True
Is 17505941 a composite number?
False
Is 2744711 a composite number?
True
Is 1574747 prime?
True
Is 628313 a prime number?
False
Is 46592111 prime?
False
Is 214919 prime?
False
Is 26612203 a prime number?
True
Is 299966311 composite?
False
Is 45127205 prime?
False
Is 218494349 composite?
False
Is 698563 a prime number?
False
Is 10574099 a composite number?
False
Is 375923 a prime number?
True
Is 4850273 composite?
False
Is 2127269 a prime number?
True
Is 1413001 prime?
True
Is 12837287 a composite number?
True
Is 2370103 a composite number?
False
Is 555020671 a prime number?
True
Is 10345879 a composite number?
False
Is 5641238 prime?
False
Is 51370871 a composite number?
True
Is 11615819 a prime number?
False
Is 4296647 a prime number?
True
Is 172773563 prime?
True
Is 862677685 prime?
False
Is 1485433 a prime number?
True
Is 69882935 composite?
True
Is 163428389 prime?
True
Is 895927 prime?
True
Is 68656661 composite?
True
Is 35030513 composite?
True
Is 15560773 a prime number?
True
Is 119844899 composite?
False
Is 19034497 composite?
True
Is 751284929 a composite number?
False
Is 5800189 a composite number?
False
Is 335054549 a prime number?
True
Is 668599 prime?
True
Is 63821 composite?
True
Is 96499523 a composite number?
False
Is 2754797 prime?
False
Is 7670959 prime?
False
Is 3349067 a prime number?
False
Is 4264597 a composite number?
False
Is 8162299 composite?
False
Is 2163401 prime?
True
Is 91399415 a composite number?
True
Is 21249583 a prime number?
True
Is 1007990321 a prime number?
False
Is 5842087 composite?
False
Is 41916127 a prime number?
False
Is 506614 composite?
True
Is 3699841 composite?
False
Is 3081433 composite?
False
Is 1585279 a prime number?
True
Is 21767899 prime?
True
Is 28435103 a composite number?
False
Is 2396993 composite?
True
Is 452826613 composite?
False
Is 152790371 a composite number?
False
Is 22758329 a prime number?
False
Is 11306887 a composite number?
True
Is 553837 a prime number?
True
Is 42222139 prime?
True
Is 7464089 a prime number?
False
Is 2378897 a prime number?
False
Is 6930047 a composite number?
False
Is 1297761 a prime number?
False
Is 419947 composite?
True
Is 443113 composite?
True
Is 74621539 a composite number?
False
Is 3907283 a composite number?
False
Is 6481723 composite?
True
Is 60609287 prime?
True
Is 4368887 composite?
True
Is 27150349 prime?
False
Is 71518187 a composite number?
True
Is 192671861 composite?
False
Is 8196883 a composite number?
False
Is 127577309 prime?
True
Is 22787977 prime?
True
Is 15346811 a prime number?
True
Is 10823977 a prime number?
False
Is 14997319 a prime number?
True
Is 70991819 a composite number?
False
Is 18655193 a composite number?
True
Is 1698607 prime?
True
Is 24129559 a composite number?
False
Is 1728821 a composite number?
False
Is 86507227 a composite number?
False
Is 686522 composite?
True
Is 11108507 composite?
True
Is 4809097 composite?
False
Is 177541523 prime?
False
Is 374069 a composite number?
False
Is 345943649 composite?
True
Is 1110673 composite?
True
Is 7270891 a composite number?
False
Is 3541511 prime?
True
Is 6384017 a prime number?
False
Is 93833137 a prime number?
True
Is 517171 a composite number?
True
Is 690233 a prime number?
True
Is 4026017 a prime number?
True
Is 138855007 a composite number?
True
Is 2570093 a composite number?
True
Is 45244721 a composite number?
True
Is 78889541 composite?
True
Is 5335409 composite?
True
Is 11449327 prime?
False
Is 107764771 prime?
True
Is 16683959 a prime number?
False
Is 7962233 prime?
True
Is 5203447 prime?
False
Is 8111494 composite?
True
Is 214454419 a prime number?
True
Is 12162811 composite?
True
Is 16129201 a composite number?
True
Is 26433677 composite?
False
Is 4661849 prime?
True
Is 85332857 a prime number?
False
Is 109441487 composite?
True
Is 2594267 composite?
True
Is 98331461 a prime number?
True
Is 22557211 a prime number?
True
Is 28080959 prime?
False
Is 6206807 a prime number?
False
Is 6548231 a composite number?
True
Is 30025351 a composite number?
True
Is 4675535 a composite number?
True
Is 62192833 a composite number?
True
Is 1087951 prime?
False
Is 32701939 a prime number?
True
Is 7678751 composite?
False
Is 1125979 a prime number?
False
Is 19328131 composite?
True
Is 2954449 a prime number?
True
Is 10151815 a prime number?
False
Is 2521591 a composite number?
False
Is 220106147 a composite number?
True
Is 3190013 composite?
True
Is 88266127 prime?
False
Is 30130291 composite?
True
Is 3585569 a prime number?
False
Is 664571 a composite number?
False
Is 5204131 prime?
True
Is 3515521 a prime number?
False
Is 16114229 a composite number?
False
Is 9471191 composite?
False
Is 162525611 prime?
False
Is 226429891 a composite numbe